ase 4, what is -2023231001 + -1003?
-2023232010
In base 15, what is 1c4e493 - c?
1c4e486
In base 8, what is -570 - 4304101?
-4304671
In base 10, what is -3246591 + 236?
-3246355
In base 2, what is -100010101 - -1010001111111101?
1010001011101000
In base 9, what is -100713 + 1280?
-88423
In base 5, what is 42213213144 + -11?
42213213133
In base 3, what is 102101012 + 101200?
102202212
In base 15, what is 2 - 1a75e9c?
-1a75e9a
In base 12, what is 24611 + -2a4?
24329
In base 12, what is 17 + 162483?
16249a
In base 12, what is 135 + -a88?
-953
In base 3, what is 1220210121100100 - 12?
1220210121100011
In base 16, what is 77615 - 2b7?
7735e
In base 14, what is 17 + 3406a3?
3406ba
In base 2, what is 101000 + 1100111000001100110?
1100111000010001110
In base 8, what is -4 - -524545716?
524545712
In base 13, what is 3 - -5113781?
5113784
In base 16, what is -2379 + -292?
-260b
In base 12, what is -192bb1 - 10?
-193001
In base 6, what is 4313453 + 531?
4314424
In base 13, what is 4 + -c73b1?
-c73aa
In base 5, what is 104 - 3322000443?
-3322000334
In base 3, what is 11112 - 101101121?
-101020002
In base 13, what is 2c4 + 10bb?
13b2
In base 7, what is 2 - 266036513?
-266036511
In base 14, what is -b4 + 7cd25?
7cc51
In base 15, what is -59ec + -44?
-5a41
In base 13, what is 3cb21 - -37?
3cb58
In base 14, what is 2a1 + -49709?
-49448
In base 12, what is -84784 - 34?
-847b8
In base 14, what is 20cc88c - 5?
20cc887
In base 9, what is 8 - -1158860?
1158868
In base 11, what is 0 - -aa76359?
aa76359
In base 3, what is -20221202 - -200210?
-20020222
In base 5, what is -2434003302 + 34?
-2434003213
In base 11, what is -13 + -313a52?
-313a65
In base 2, what is -1100010001111010100000000 + -1000?
-1100010001111010100001000
In base 9, what is -14 + -557548?
-557563
In base 10, what is 39 - 25107198?
-25107159
In base 3, what is -1101211 + 120111200?
112002212
In base 14, what is 9dd1c7 + -12?
9dd1b5
In base 9, what is -363240 + 464?
-362665
In base 6, what is -3440 + -1050435?
-1054315
In base 13, what is 22183c2 + c?
2218401
In base 8, what is 10 - 314044?
-314034
In base 3, what is -1022002001112000121 + -2?
-1022002001112000200
In base 4, what is 21100 - -1032103220?
1032130320
In base 12, what is b339b1 - -2?
b339b3
In base 10, what is -126 - 158488?
-158614
In base 6, what is -13044 + 25132?
12044
In base 13, what is 6 - 499604?
-4995cb
In base 3, what is -1101200010 - -102221?
-1101020012
In base 12, what is -5740 + b8b?
-4771
In base 6, what is -20442403 + -10?
-20442413
In base 16, what is -3f1fc6 + 3?
-3f1fc3
In base 2, what is -10110 - 10101000011011010011010101?
-10101000011011010011101011
In base 8, what is 457 + 2365205?
2365664
In base 8, what is 1 + 11754776?
11754777
In base 7, what is 14546 - 21402?
-3523
In base 10, what is -2990 + -1023?
-4013
In base 3, what is 10012 + 21100010121?
21100020210
In base 12, what is a + 323946?
323954
In base 2, what is 100110011110 + 1000001011011?
1100111111001
In base 3, what is -11120102010112 + -11?
-11120102010200
In base 10, what is -1054 + -141629?
-142683
In base 4, what is -20030333 + 1211312?
-12213021
In base 16, what is -509 - 854?
-d5d
In base 7, what is -3564422035 - -5?
-3564422030
In base 7, what is 10034335 - -12?
10034350
In base 16, what is -2 + 9358e?
9358c
In base 9, what is 80351 - 651?
78600
In base 7, what is -2330611 - -24?
-2330554
In base 14, what is 27 - -9b060c?
9b0635
In base 4, what is 21011303 + -1011112?
20000131
In base 4, what is 2133 - 11310132?
-11301333
In base 7, what is 4521 + 214064?
221615
In base 6, what is -140 - -32405?
32225
In base 12, what is 0 - -46545810?
46545810
In base 15, what is 57 - -b358e?
b35e6
In base 16, what is -1 - -798ee7?
798ee6
In base 12, what is -1936 - -543?
-13b3
In base 5, what is -1114211140 - -11?
-1114211124
In base 6, what is -132044201135 + -4?
-132044201143
In base 5, what is 1434011121 + -2?
1434011114
In base 9, what is 56 - -1613346?
1613413
In base 2, what is 111011101 + -11111011111101?
-11110100100000
In base 13, what is 1306022 - 5?
130601a
In base 12, what is 22 - -a143?
a165
In base 9, what is -153674086 - 3?
-153674100
In base 6, what is -22055340510 - -5?
-22055340501
In base 14, what is -a3 + -31dd0b?
-31ddb0
In base 2, what is -10011001111000100100010 - -100?
-10011001111000100011110
In base 7, what is -233 + -561325?
-561561
In base 11, what is -1 - 138a633?
-138a634
In base 15, what is 44 - -b59e?
b5e3
In base 10, what is 2434 - 573246?
-570812
In base 6, what is 0 - -55201222513?
55201222513
In base 16, what is 4496 + 3dc?
4872
In base 14, what is -2039b5b - -2?
-2039b59
In base 11, what is 801057 - -9?
801065
In base 3, what is -2202201112 + -100122?
-2210002011
In base 5, what is -12132100121 - 2?
-12132100123
In base 9, what is 245062 - 210?
244752
In base 10, what is 129 - -421520?
421649
In base 16, what is -47cb + -477?
-4c42
In base 9, what is -107134 + 533?
-106501
In base 16, what is 4 + -ea731?
-ea72d
In base 12, what is -1 + -1ab5ba61?
-1ab5ba62
In base 2, what is 101011011010 + 1101111110001?
10011011001011
In base 8, what is 5 - 11731366?
-11731361
In base 2, what is 100101 - 1111100011111000010101?
-1111100011110111110000
In base 6, what is 500 + -140021140?
-140020240
In base 10, what is 460 - -18799?
19259
In base 15, what is 20eb5 + -23?
20e92
In base 11, what is 3122a88 + -4a?
3122a39
In base 16, what is 5395 - 4088?
130d
In base 11, what is -3 + 1066a1526?
1066a1523
In base 8, what is 256151 + -321?
255630
In base 9, what is 40 + -453207?
-453157
In base 9, what is -168500 + 4227?
-164262
In base 10, what is -3758417 + 5?
-3758412
In base 9, what is -12 - -1227733?
1227721
In base 14, what is 106cd + -70b?
ddc2
In base 3, what is 101 + -10011220221110010?
-10011220221102202
In base 13, what is -2c305 + 309?
-2bcc9
In base 6, what is -302 + 10454532?
10454230
In base 2, what is -111110101111 - -11111101?
-111010110010
In base 10, what is 36 + -832839?
-832803
In base 10, what is 1187882 - 29?
1187853
In base 6, what is -250424 + 52322?
-154102
In base 11, what is 772416 - 857?
77166a
In base 2, what is 1001100000 - 1001010110010000?
-1001001100110000
In base 12, what is 1b + 2440?
245b
In base 15, what is -68e0b - 11a?
-69026
In base 12, what is 1 + 103516a?
103516b
In base 3, what is 2 - -22020210100102021?
22020210100102100
In base 4, what is -111110330102 + 122?
-111110323320
In base 15, what is -5496 - -4?
-5492
In base 3, what is 102 - -1200211220111?
1200211220220
In base 2, what is 1000111001000 - 11011000111?
101100000001
In base 3, what is 210 - -2200122111102?
2200122112012
In base 16, what is -e906f9 + 2?
-e906f7
In base 10, what is -7 - 14375485?
-14375492
In base 11, what is -6023160 + 1?
-602315a
In base 4, what is 1230222112 - 310?
1230221202
In base 7, what is -1125 - 446460?
-450615
In base 6, what is -42 - 1300322?
-1300404
In base 16, what is -3738 - 292?
-39ca
In base 6, what is 1424033125 + 1?
1424033130
In base 12, what is -379b - -91?
-370a
In base 7, what is -462205653 + 5?
-462205645
In base 16, what is 2b00 - -208?
2d08
In base 11, what is 1 + -3865910?
-386590a
In base 11, what is -2130 + 162?
-1a79
In base 12, what is 1517 + 17168?
18683
In base 16, what is -173 - -2599c?
25829
In base 13, what is -49c920 + 7?
-49c916
In base 10, what is 3934547 - 0?
3934547
In base 5, what is 32334412 + -1011?
32333401
In base 2, what is 1100 - 10010010111110001100?
-10010010111110000000
In base 7, what is 23331430 - -142?
23331602
In base 10, what is 209 + 37134?
37343
In base 12, what is -29 + -222190?
-2221b9
In base 10, what is 51 + -509067?
-509016
In base 4, what is -2211112321 + -1101?
-2211120022
In base 9, what is -88 - 834120?
-834218
In base 2, what is -111100 - -101101110110111000011?
101101110110110000111
In base 5, what is -1021 - -1411032?
1410011
In base 12, what is -37 - 42749?
-42784
In base 4, what is -22201 - 3213211?
-3302012
In base 4, what is -1 + 12031301221?
12031301220
In base 8, what is -452 - 70547?
-71221
In base 2, what is 101110010 - 100110001010101101010?
-100110001001111111000
In base 14, what is -227232 - -229?
-227007
In base 10, what is 40 + -510927?
-510887
In base 13, what is -c90 - -3b709?
3a749
In base 8, what is -513 + 104623?
104110
In base 14, what 